{"id":318,"date":"2015-06-14T15:13:06","date_gmt":"2015-06-14T13:13:06","guid":{"rendered":"http:\/\/neu.famscheuss.ch\/?page_id=318"},"modified":"2016-07-21T16:13:18","modified_gmt":"2016-07-21T14:13:18","slug":"unser-hof","status":"publish","type":"page","link":"https:\/\/www.famscheuss.ch\/index.php\/unser-hof\/","title":{"rendered":"unser Hof"},"content":{"rendered":"<p><img loading=\"lazy\" decoding=\"async\" class=\"ngg-singlepic ngg-none alignleft\" src=\"\/wp-content\/gallery\/hof\/Wohnhaus.jpg\" alt=\"Wohnhaus\" width=\"256\" height=\"192\" \/>Seit 1986 betreiben wir als ausgewanderte Appenzeller im Thurgau die Milchschafhaltung. Alles begann mit dem Kauf eines Hauses in Esserswil, ein Weiler der Gemeinde Roggwil TG, mit wenigen Aaren Umschwung. Zu viel f\u00fcr den Rasenm\u00e4her, aber genug f\u00fcr ein erstes Milchschaf, unsere Bianca. Untergebracht war es im Keller, gem\u00e4ht haben wir noch mit der Sense, das Heu wurde von Hand gewendet und schliesslich als \u201eB\u00fcrdeli\u201c eingef\u00fchrt. Nach und nach konnten wir Land zupachten und unsere Herde begann zu wachsen. Der erste Motorm\u00e4her hielt Einzug und schliesslich konnten wir uns einen eigenen Traktor leisten und sogar eine Scheune bauen.<\/p>\n<p>&nbsp;<\/p>\n<p><img loading=\"lazy\" decoding=\"async\" class=\"alignright  wp-image-348\" src=\"\/wp-content\/uploads\/melken.jpg\" alt=\"melken\" width=\"152\" height=\"203\" srcset=\"https:\/\/www.famscheuss.ch\/wp-content\/uploads\/melken.jpg 300w, https:\/\/www.famscheuss.ch\/wp-content\/uploads\/melken-225x300.jpg 225w\" sizes=\"auto, (max-width: 152px) 100vw, 152px\" \/>Heute bewirtschaften wir gut 11ha Pachtland, aufgeteilt in viele kleine Parzellen.<span class=\"Apple-style-span\" style=\"color: #ff0000;\">\u00a0<\/span>Da ist es nicht m\u00f6glich, dass die Schafe ihre Milch t\u00e4glich im Stall abliefern. Deshalb haben wir einen fahrbaren Melkstand konstruiert und holen den k\u00f6stlichen Saft direkt von der Weide bei den Schafen ab.\u00a0Die Molkerei Biedermann \u00fcbernimmt seit 2003 unsere Milch. Seither hat eine breite Bev\u00f6lkerung Gelegenheit, Schafmilch und Schafmilchjoghurt in Bioqualit\u00e4t in den Grossverteilern zu kaufen. Wir pflegen aber auch den Kontakt direkt zum Kunden und offerieren Fleisch, Wurstwaren, Felle und Milchprodukte vom Schaf direkt ab Hof.<\/p>\n<p>&nbsp;<\/p>\n<p><a href=\"\/wp-content\/uploads\/2Schafe.jpg\"><img loading=\"lazy\" decoding=\"async\" class=\"  wp-image-342 alignleft\" src=\"\/wp-content\/uploads\/2Schafe.jpg\" alt=\"2Schafe\" width=\"167\" height=\"125\" srcset=\"https:\/\/www.famscheuss.ch\/wp-content\/uploads\/2Schafe.jpg 400w, https:\/\/www.famscheuss.ch\/wp-content\/uploads\/2Schafe-300x225.jpg 300w\" sizes=\"auto, (max-width: 167px) 100vw, 167px\" \/><\/a>Auf unserem Betrieb verfolgen wir bewusst eine extensive Strategie mit tiefen Kosten. Die Tiere holen ihr Futter Sommer und Winter selber auf der Weide. Nur zum Ablammen kommen sie wenige Wochen in den Stall. F\u00fcr diese Art Haltung hat sich das robuste ostfriesische Milchschaf\u00a0mit dem dichten Wollkleid bew\u00e4hrt. Inzwischen halten wir etwa 100 Muttertiere und z\u00fcchten bewusst weisse und braune.<\/p>\n<p>&nbsp;<\/p>\n<p><a href=\"\/wp-content\/uploads\/bioLogo0310green.gif\"><img loading=\"lazy\" decoding=\"async\" class=\"alignright size-full wp-image-406\" src=\"\/wp-content\/uploads\/bioLogo0310green.gif\" alt=\"bioLogo0310green\" width=\"100\" height=\"81\" \/><\/a>Es ist uns sehr wichtig im Einklang mit der Natur zu leben, unser Land schonend zu nutzen und die Tiere artgerecht zu halten. Seit 1997 sind wir anerkannter Biobetrieb. Den Tierarzt sehen wir zwar gerne, aber nicht auf unserem Hof. Grunds\u00e4tzlich behandeln wir unsere Tiere mit hom\u00f6opathischen Mitteln. Auch in der F\u00fctterung setzen wir vorwiegend auf Futter, das auf unserem Land w\u00e4chst. Als <img loading=\"lazy\" decoding=\"async\" class=\"ngg-singlepic ngg-none alignleft\" src=\"\/wp-content\/gallery\/produkte\/Hochstamm.jpg\" alt=\"Hochstamm\" width=\"180\" height=\"135\" \/>Futterzusatz werden auch noch EM (effektive Mikroorganismen) und Mineralstoff genutzt. Um die Tiere in den Melkstand zu locken, geben wir ihnen getrockneten Apfeltrester.Diesen beziehen wir in der nahegelegenen Mosterei M\u00f6hl, die auch das Obst von unseren ca. 130 Hochstammb\u00e4umen \u00fcbernimmt.\u00a0So schliesst sich der nat\u00fcrliche Kreislauf unserer Bewirtschaftung wieder.<\/p>\n<p>&nbsp;<\/p>\n<p><a href=\"\/wp-content\/uploads\/Isolation.jpg\"><img loading=\"lazy\" decoding=\"async\" class=\" wp-image-412 alignright\" src=\"\/wp-content\/uploads\/Isolation.jpg\" alt=\"\" width=\"106\" height=\"141\" \/><\/a><\/p>\n<p>Vater Scheuss ist gelernter Zimmermann und \u00fcbt im Nebenerwerb diesen Beruf auch aus. F\u00fcr Isolationen empfiehlt er aus \u00dcberzeugung Schafwolle und kann diese in der Folge auch einbauen.\u00a0Dies zur vollen Zufriedenheit der Kunden und zur Freude aller Schafhalter.Freude bereiten auch die Border Collies von unserer Hundezucht. Sie sind zwar ohne Stammbaum, daf\u00fcr aber mit guten Referenzen als ausgezeichnete Arbeitshunde zu kaufen.<span class=\"Apple-style-span\" style=\"color: #ff0000;\">\u00a0<\/span><\/p>\n<p><strong><img loading=\"lazy\" decoding=\"async\" class=\"  wp-image-347 alignleft\" src=\"\/wp-content\/uploads\/Lucky.jpg\" alt=\"Lucky\" width=\"187\" height=\"125\" srcset=\"https:\/\/www.famscheuss.ch\/wp-content\/uploads\/Lucky.jpg 400w, https:\/\/www.famscheuss.ch\/wp-content\/uploads\/Lucky-300x200.jpg 300w\" sizes=\"auto, (max-width: 187px) 100vw, 187px\" \/><\/strong><\/p>\n<p>&nbsp;<\/p>\n<p><strong>Unser Fazit:<\/strong> Wir wollen die Natur, sei es Tiere, Pflanzen oder Menschen, respektvoll und naturbelassen behandeln!<\/p>\n","protected":false},"excerpt":{"rendered":"<p>Seit 1986 betreiben wir als ausgewanderte Appenzeller im Thurgau die Milchschafhaltung. Alles begann mit dem Kauf eines Hauses in Esserswil, ein Weiler der Gemeinde Roggwil TG, mit wenigen Aaren Umschwung. Zu viel f\u00fcr den Rasenm\u00e4her, aber genug f\u00fcr ein erstes Milchschaf, unsere Bianca. Untergebracht war es im Keller, gem\u00e4ht haben wir noch mit der Sense, [&hellip;]<\/p>\n","protected":false},"author":4,"featured_media":0,"parent":0,"menu_order":0,"comment_status":"closed","ping_status":"closed","template":"","meta":{"ngg_post_thumbnail":0,"footnotes":""},"class_list":["post-318","page","type-page","status-publish","hentry"],"_links":{"self":[{"href":"https:\/\/www.famscheuss.ch\/index.php\/wp-json\/wp\/v2\/pages\/318","targetHints":{"allow":["GET"]}}],"collection":[{"href":"https:\/\/www.famscheuss.ch\/index.php\/wp-json\/wp\/v2\/pages"}],"about":[{"href":"https:\/\/www.famscheuss.ch\/index.php\/wp-json\/wp\/v2\/types\/page"}],"author":[{"embeddable":true,"href":"https:\/\/www.famscheuss.ch\/index.php\/wp-json\/wp\/v2\/users\/4"}],"replies":[{"embeddable":true,"href":"https:\/\/www.famscheuss.ch\/index.php\/wp-json\/wp\/v2\/comments?post=318"}],"version-history":[{"count":14,"href":"https:\/\/www.famscheuss.ch\/index.php\/wp-json\/wp\/v2\/pages\/318\/revisions"}],"predecessor-version":[{"id":464,"href":"https:\/\/www.famscheuss.ch\/index.php\/wp-json\/wp\/v2\/pages\/318\/revisions\/464"}],"wp:attachment":[{"href":"https:\/\/www.famscheuss.ch\/index.php\/wp-json\/wp\/v2\/media?parent=318"}],"curies":[{"name":"wp","href":"https:\/\/api.w.org\/{rel}","templated":true}]}}